{"id":17170,"date":"2023-04-19T08:46:56","date_gmt":"2023-04-19T06:46:56","guid":{"rendered":"https:\/\/www.msjilove.cz\/?page_id=17170"},"modified":"2024-02-25T19:42:39","modified_gmt":"2024-02-25T18:42:39","slug":"fakultni_ms","status":"publish","type":"page","link":"https:\/\/msjilove.cz\/?page_id=17170","title":{"rendered":"Fakultn\u00ed mate\u0159sk\u00e1 \u0161kola"},"content":{"rendered":"\t\t<div data-elementor-type=\"wp-page\" data-elementor-id=\"17170\" class=\"elementor elementor-17170\">\n\t\t\t\t\t\t\t        <section class=\"elementor-section elementor-top-section elementor-element elementor-element-9a4b9db elementor-section-boxed elementor-section-height-default elementor-section-height-default\" data-id=\"9a4b9db\" data-element_type=\"section\">\n            \n                        <div class=\"elementor-container elementor-column-gap-default \">\n                    <div class=\"elementor-column elementor-col-100 elementor-top-column elementor-element elementor-element-d9fcee1\" data-id=\"d9fcee1\" data-element_type=\"column\">\n            <div class=\"elementor-widget-wrap elementor-element-populated\">\n                        \t\t<div class=\"elementor-element elementor-element-0574434 elementor-widget elementor-widget-image\" data-id=\"0574434\" data-element_type=\"widget\" data-widget_type=\"image.default\">\n\t\t\t\t<div class=\"elementor-widget-container\">\n\t\t\t<style>\/*! elementor - v3.13.3 - 28-05-2023 *\/\n.elementor-widget-image{text-align:center}.elementor-widget-image a{display:inline-block}.elementor-widget-image a img[src$=\".svg\"]{width:48px}.elementor-widget-image img{vertical-align:middle;display:inline-block}<\/style>\t\t\t\t\t\t\t\t\t\t\t\t<img decoding=\"async\" width=\"800\" height=\"512\" src=\"https:\/\/msjilove.cz\/wp-content\/uploads\/2023\/04\/fakultni_skolka-e1681834303830-800x512.jpg\" class=\"attachment-post-widget size-post-widget wp-image-17158\" alt=\"\" \/>\t\t\t\t\t\t\t\t\t\t\t\t\t\t\t<\/div>\n\t\t\t\t<\/div>\n\t\t\t\t<div class=\"elementor-element elementor-element-a7e30a2 elementor-widget elementor-widget-spacer\" data-id=\"a7e30a2\" data-element_type=\"widget\" data-widget_type=\"spacer.default\">\n\t\t\t\t<div class=\"elementor-widget-container\">\n\t\t\t<style>\/*! elementor - v3.13.3 - 28-05-2023 *\/\n.elementor-column .elementor-spacer-inner{height:var(--spacer-size)}.e-con{--container-widget-width:100%}.e-con-inner>.elementor-widget-spacer,.e-con>.elementor-widget-spacer{width:var(--container-widget-width,var(--spacer-size));--align-self:var(--container-widget-align-self,initial);--flex-shrink:0}.e-con-inner>.elementor-widget-spacer>.elementor-widget-container,.e-con-inner>.elementor-widget-spacer>.elementor-widget-container>.elementor-spacer,.e-con>.elementor-widget-spacer>.elementor-widget-container,.e-con>.elementor-widget-spacer>.elementor-widget-container>.elementor-spacer{height:100%}.e-con-inner>.elementor-widget-spacer>.elementor-widget-container>.elementor-spacer>.elementor-spacer-inner,.e-con>.elementor-widget-spacer>.elementor-widget-container>.elementor-spacer>.elementor-spacer-inner{height:var(--container-widget-height,var(--spacer-size))}<\/style>\t\t<div class=\"elementor-spacer\">\n\t\t\t<div class=\"elementor-spacer-inner\"><\/div>\n\t\t<\/div>\n\t\t\t\t<\/div>\n\t\t\t\t<\/div>\n\t\t\t\t<div class=\"elementor-element elementor-element-57fb35f elementor-widget elementor-widget-image\" data-id=\"57fb35f\" data-element_type=\"widget\" data-widget_type=\"image.default\">\n\t\t\t\t<div class=\"elementor-widget-container\">\n\t\t\t\t\t\t\t\t\t\t\t\t\t\t\t<img decoding=\"async\" width=\"640\" height=\"903\" src=\"https:\/\/msjilove.cz\/wp-content\/uploads\/2024\/02\/praxe_uhk-726x1024.jpg\" class=\"attachment-large size-large wp-image-26948\" alt=\"\" srcset=\"https:\/\/msjilove.cz\/wp-content\/uploads\/2024\/02\/praxe_uhk-726x1024.jpg 726w, https:\/\/msjilove.cz\/wp-content\/uploads\/2024\/02\/praxe_uhk-213x300.jpg 213w, https:\/\/msjilove.cz\/wp-content\/uploads\/2024\/02\/praxe_uhk-768x1083.jpg 768w, https:\/\/msjilove.cz\/wp-content\/uploads\/2024\/02\/praxe_uhk-1089x1536.jpg 1089w, https:\/\/msjilove.cz\/wp-content\/uploads\/2024\/02\/praxe_uhk-1452x2048.jpg 1452w, https:\/\/msjilove.cz\/wp-content\/uploads\/2024\/02\/praxe_uhk-1320x1862.jpg 1320w, https:\/\/msjilove.cz\/wp-content\/uploads\/2024\/02\/praxe_uhk-scaled.jpg 1815w\" sizes=\"(max-width: 640px) 100vw, 640px\" \/>\t\t\t\t\t\t\t\t\t\t\t\t\t\t\t<\/div>\n\t\t\t\t<\/div>\n\t\t            <\/div>\n        <\/div>\n                            <\/div>\n        <\/section>\n        \t\t\t\t\t<\/div>\n\t\t","protected":false},"excerpt":{"rendered":"","protected":false},"author":1,"featured_media":0,"parent":0,"menu_order":0,"comment_status":"closed","ping_status":"closed","template":"","meta":{"footnotes":""},"class_list":["post-17170","page","type-page","status-publish","hentry"],"_links":{"self":[{"href":"https:\/\/msjilove.cz\/index.php?rest_route=\/wp\/v2\/pages\/17170","targetHints":{"allow":["GET"]}}],"collection":[{"href":"https:\/\/msjilove.cz\/index.php?rest_route=\/wp\/v2\/pages"}],"about":[{"href":"https:\/\/msjilove.cz\/index.php?rest_route=\/wp\/v2\/types\/page"}],"author":[{"embeddable":true,"href":"https:\/\/msjilove.cz\/index.php?rest_route=\/wp\/v2\/users\/1"}],"replies":[{"embeddable":true,"href":"https:\/\/msjilove.cz\/index.php?rest_route=%2Fwp%2Fv2%2Fcomments&post=17170"}],"version-history":[{"count":10,"href":"https:\/\/msjilove.cz\/index.php?rest_route=\/wp\/v2\/pages\/17170\/revisions"}],"predecessor-version":[{"id":26954,"href":"https:\/\/msjilove.cz\/index.php?rest_route=\/wp\/v2\/pages\/17170\/revisions\/26954"}],"wp:attachment":[{"href":"https:\/\/msjilove.cz\/index.php?rest_route=%2Fwp%2Fv2%2Fmedia&parent=17170"}],"curies":[{"name":"wp","href":"https:\/\/api.w.org\/{rel}","templated":true}]}}