{"id":20127,"date":"2023-06-07T20:42:01","date_gmt":"2023-06-07T18:42:01","guid":{"rendered":"https:\/\/www.msjilove.cz\/?page_id=20127"},"modified":"2023-06-07T20:46:22","modified_gmt":"2023-06-07T18:46:22","slug":"fakultni-materska-skola","status":"publish","type":"page","link":"https:\/\/msjilove.cz\/?page_id=20127","title":{"rendered":"Prevence vzniku vadn\u00e9ho dr\u017een\u00ed t\u011bla"},"content":{"rendered":"\t\t<div data-elementor-type=\"wp-page\" data-elementor-id=\"20127\" class=\"elementor elementor-20127\">\n\t\t\t\t\t\t\t        <section class=\"elementor-section elementor-top-section elementor-element elementor-element-9a4b9db elementor-section-boxed elementor-section-height-default elementor-section-height-default\" data-id=\"9a4b9db\" data-element_type=\"section\">\n            \n                        <div class=\"elementor-container elementor-column-gap-default \">\n                    <div class=\"elementor-column elementor-col-100 elementor-top-column elementor-element elementor-element-d9fcee1\" data-id=\"d9fcee1\" data-element_type=\"column\">\n            <div class=\"elementor-widget-wrap elementor-element-populated\">\n                        \t\t<div class=\"elementor-element elementor-element-0574434 elementor-widget elementor-widget-image\" data-id=\"0574434\" data-element_type=\"widget\" data-widget_type=\"image.default\">\n\t\t\t\t<div class=\"elementor-widget-container\">\n\t\t\t<style>\/*! elementor - v3.13.3 - 28-05-2023 *\/\n.elementor-widget-image{text-align:center}.elementor-widget-image a{display:inline-block}.elementor-widget-image a img[src$=\".svg\"]{width:48px}.elementor-widget-image img{vertical-align:middle;display:inline-block}<\/style>\t\t\t\t\t\t\t\t\t\t\t\t<img decoding=\"async\" src=\"https:\/\/msjilove.cz\/wp-content\/uploads\/elementor\/thumbs\/prevence_vvdt-q7mihwaklkj3mr183rwt9iqwargvkr0u67c2zw3u3k.jpg\" title=\"prevence_vvdt\" alt=\"prevence_vvdt\" loading=\"lazy\" \/>\t\t\t\t\t\t\t\t\t\t\t\t\t\t\t<\/div>\n\t\t\t\t<\/div>\n\t\t            <\/div>\n        <\/div>\n                            <\/div>\n        <\/section>\n        \t\t\t\t\t<\/div>\n\t\t","protected":false},"excerpt":{"rendered":"","protected":false},"author":1,"featured_media":0,"parent":0,"menu_order":0,"comment_status":"closed","ping_status":"closed","template":"","meta":{"footnotes":""},"class_list":["post-20127","page","type-page","status-publish","hentry"],"_links":{"self":[{"href":"https:\/\/msjilove.cz\/index.php?rest_route=\/wp\/v2\/pages\/20127","targetHints":{"allow":["GET"]}}],"collection":[{"href":"https:\/\/msjilove.cz\/index.php?rest_route=\/wp\/v2\/pages"}],"about":[{"href":"https:\/\/msjilove.cz\/index.php?rest_route=\/wp\/v2\/types\/page"}],"author":[{"embeddable":true,"href":"https:\/\/msjilove.cz\/index.php?rest_route=\/wp\/v2\/users\/1"}],"replies":[{"embeddable":true,"href":"https:\/\/msjilove.cz\/index.php?rest_route=%2Fwp%2Fv2%2Fcomments&post=20127"}],"version-history":[{"count":9,"href":"https:\/\/msjilove.cz\/index.php?rest_route=\/wp\/v2\/pages\/20127\/revisions"}],"predecessor-version":[{"id":20139,"href":"https:\/\/msjilove.cz\/index.php?rest_route=\/wp\/v2\/pages\/20127\/revisions\/20139"}],"wp:attachment":[{"href":"https:\/\/msjilove.cz\/index.php?rest_route=%2Fwp%2Fv2%2Fmedia&parent=20127"}],"curies":[{"name":"wp","href":"https:\/\/api.w.org\/{rel}","templated":true}]}}