{"id":5461,"date":"2022-02-03T18:18:57","date_gmt":"2022-02-03T17:18:57","guid":{"rendered":"http:\/\/novyweb.msjilove.cz\/?page_id=5461"},"modified":"2025-08-29T20:45:47","modified_gmt":"2025-08-29T18:45:47","slug":"skolne","status":"publish","type":"page","link":"https:\/\/msjilove.cz\/?page_id=5461","title":{"rendered":"\u0160koln\u00e9"},"content":{"rendered":"\t\t<div data-elementor-type=\"wp-page\" data-elementor-id=\"5461\" class=\"elementor elementor-5461\">\n\t\t\t\t\t\t\t        <section class=\"elementor-section elementor-top-section elementor-element elementor-element-6b9f322 elementor-section-content-middle elementor-section-boxed elementor-section-height-default elementor-section-height-default\" data-id=\"6b9f322\" data-element_type=\"section\">\n            \n                        <div class=\"elementor-container elementor-column-gap-default \">\n                    <div class=\"elementor-column elementor-col-50 elementor-top-column elementor-element elementor-element-a95c111\" data-id=\"a95c111\" data-element_type=\"column\">\n            <div class=\"elementor-widget-wrap elementor-element-populated\">\n                        \t\t<div class=\"elementor-element elementor-element-b5bd54d elementor-widget elementor-widget-spacer\" data-id=\"b5bd54d\" data-element_type=\"widget\" data-widget_type=\"spacer.default\">\n\t\t\t\t<div class=\"elementor-widget-container\">\n\t\t\t<style>\/*! elementor - v3.13.3 - 28-05-2023 *\/\n.elementor-column .elementor-spacer-inner{height:var(--spacer-size)}.e-con{--container-widget-width:100%}.e-con-inner>.elementor-widget-spacer,.e-con>.elementor-widget-spacer{width:var(--container-widget-width,var(--spacer-size));--align-self:var(--container-widget-align-self,initial);--flex-shrink:0}.e-con-inner>.elementor-widget-spacer>.elementor-widget-container,.e-con-inner>.elementor-widget-spacer>.elementor-widget-container>.elementor-spacer,.e-con>.elementor-widget-spacer>.elementor-widget-container,.e-con>.elementor-widget-spacer>.elementor-widget-container>.elementor-spacer{height:100%}.e-con-inner>.elementor-widget-spacer>.elementor-widget-container>.elementor-spacer>.elementor-spacer-inner,.e-con>.elementor-widget-spacer>.elementor-widget-container>.elementor-spacer>.elementor-spacer-inner{height:var(--container-widget-height,var(--spacer-size))}<\/style>\t\t<div class=\"elementor-spacer\">\n\t\t\t<div class=\"elementor-spacer-inner\"><\/div>\n\t\t<\/div>\n\t\t\t\t<\/div>\n\t\t\t\t<\/div>\n\t\t\t\t<div class=\"elementor-element elementor-element-69cff0c elementor-widget elementor-widget-cms_heading\" data-id=\"69cff0c\" data-element_type=\"widget\" data-widget_type=\"cms_heading.default\">\n\t\t\t\t<div class=\"elementor-widget-container\">\n\t\t\t<div class=\"cms-heading-wrapper cms-heading-layout1 \">\r\n    \r\n            <h3 class=\"custom-heading\">\r\n            <span                 >\r\n                Infomace o \u0161koln\u00e9m<\/span>\r\n        <\/h3>\r\n        \r\n            <div class=\"custom-heading-description\">\r\n            Ve\u0161ker\u00e9 informace o \u0161koln\u00e9m naleznete v p\u0159ilo\u017een\u00e9m dokumentu\n        <\/div>\r\n    <\/div>\t\t<\/div>\n\t\t\t\t<\/div>\n\t\t\t\t<div class=\"elementor-element elementor-element-d341e76 elementor-widget elementor-widget-spacer\" data-id=\"d341e76\" data-element_type=\"widget\" data-widget_type=\"spacer.default\">\n\t\t\t\t<div class=\"elementor-widget-container\">\n\t\t\t\t\t<div class=\"elementor-spacer\">\n\t\t\t<div class=\"elementor-spacer-inner\"><\/div>\n\t\t<\/div>\n\t\t\t\t<\/div>\n\t\t\t\t<\/div>\n\t\t\t\t<div class=\"elementor-element elementor-element-8ba7e28 elementor-widget elementor-widget-cms_list\" data-id=\"8ba7e28\" data-element_type=\"widget\" data-widget_type=\"cms_list.default\">\n\t\t\t\t<div class=\"elementor-widget-container\">\n\t\t\t    <ul class=\"cms-list style7\">\r\n                    <li class=\"\">\r\n\t\t\t\t<a href=\"https:\/\/www.msjilove.cz\/wp-content\/uploads\/2025\/08\/uplata_skolne_2025.pdf\" target=\"_blank\">\r\n            \t\tInformace o \u0161koln\u00e9m na rok 2025 - 2026 ke sta\u017een\u00ed zde            \t<\/a>\r\n           <\/li>\r\n                    <li class=\"\">\r\n\t\t\t\t<a href=\"https:\/\/www.msjilove.cz\/wp-content\/uploads\/files\/skolne_v1_2024_2025.pdf\" target=\"_blank\">\r\n            \t\tInformace o \u0161koln\u00e9m na rok 2024 - 2025 ke sta\u017een\u00ed zde            \t<\/a>\r\n           <\/li>\r\n                    <li class=\"\">\r\n\t\t\t\t<a href=\"https:\/\/www.msjilove.cz\/wp-content\/uploads\/files\/skolne_2023_2024.pdf\" target=\"_blank\">\r\n            \t\tInformace o \u0161koln\u00e9m na rok 2023 - 2024 ke sta\u017een\u00ed zde            \t<\/a>\r\n           <\/li>\r\n                    <li class=\"\">\r\n\t\t\t\t<a href=\"https:\/\/www.msjilove.cz\/wp-content\/uploads\/files\/skolne_2022_2023.pdf\" target=\"_blank\">\r\n            \t\tInformace o \u0161koln\u00e9m na rok 2022 - 2023 ke sta\u017een\u00ed zde            \t<\/a>\r\n           <\/li>\r\n            <\/ul>\r\n\t\t<\/div>\n\t\t\t\t<\/div>\n\t\t            <\/div>\n        <\/div>\n                <div class=\"elementor-column elementor-col-50 elementor-top-column elementor-element elementor-element-d186322\" data-id=\"d186322\" data-element_type=\"column\">\n            <div class=\"elementor-widget-wrap elementor-element-populated\">\n                        \t\t<div class=\"elementor-element elementor-element-10f0ecd elementor-widget elementor-widget-cms_images_gallery\" data-id=\"10f0ecd\" data-element_type=\"widget\" data-widget_type=\"cms_images_gallery.default\">\n\t\t\t\t<div class=\"elementor-widget-container\">\n\t\t\t    <div id=\"cms_images_gallery-10f0ecd\" class=\"cms-classes-gallery cms-slick-slider \">\r\n        <div class=\"classes-inner\">\r\n            <div class=\"classes-carousel-inner\">\r\n                <div class=\"cms-slick-primary\">\r\n                    <div id=\"append-arrows-cms_images_gallery-10f0ecd\" class=\"append-arrows-custom\"><\/div>\r\n                    <div class=\"cms-slick-carousel\" data-arrows=\"true\" data-dots=\"\" data-pauseOnHover=\"\" data-autoplay=\"true\" data-autoplaySpeed=\"5000\" data-infinite=\"0\" data-speed=\"500\" data-slidesToShow=\"true\" data-slidesToShowTablet=\"true\" data-slidesToShowMobile=\"true\" data-slidesToScroll=\"true\" data-slidesToScrollTablet=\"true\" data-slidesToScrollMobile=\"true\" data-appendArrows=\"#append-arrows-cms_images_gallery-10f0ecd\">\r\n                                                    <div class=\"slick-slide\">\r\n                                                                    <div class=\"classes-image\">\r\n                                        <img decoding=\"async\" width=\"500\" height=\"234\" src=\"https:\/\/msjilove.cz\/wp-content\/uploads\/2020\/08\/programs-bg-title.jpg\" class=\"attachment-author-avatar\" alt=\"\" \/>                                    <\/div>\r\n                                                            <\/div>\r\n                                            <\/div>\r\n                <\/div>\r\n                            <\/div>\r\n        <\/div>\r\n    <\/div>\r\n\t\t<\/div>\n\t\t\t\t<\/div>\n\t\t            <\/div>\n        <\/div>\n                            <\/div>\n        <\/section>\n        \t\t\t\t\t<\/div>\n\t\t","protected":false},"excerpt":{"rendered":"<p>Infomace o \u0161koln\u00e9m Ve\u0161ker\u00e9 informace o \u0161koln\u00e9m naleznete v p\u0159ilo\u017een\u00e9m dokumentu Informace o \u0161koln\u00e9m na rok 2025 &#8211; 2026 ke sta\u017een\u00ed zde Informace o \u0161koln\u00e9m na rok 2024 &#8211; 2025 [&hellip;]<\/p>\n","protected":false},"author":1,"featured_media":0,"parent":0,"menu_order":0,"comment_status":"closed","ping_status":"closed","template":"","meta":{"footnotes":""},"class_list":["post-5461","page","type-page","status-publish","hentry"],"_links":{"self":[{"href":"https:\/\/msjilove.cz\/index.php?rest_route=\/wp\/v2\/pages\/5461","targetHints":{"allow":["GET"]}}],"collection":[{"href":"https:\/\/msjilove.cz\/index.php?rest_route=\/wp\/v2\/pages"}],"about":[{"href":"https:\/\/msjilove.cz\/index.php?rest_route=\/wp\/v2\/types\/page"}],"author":[{"embeddable":true,"href":"https:\/\/msjilove.cz\/index.php?rest_route=\/wp\/v2\/users\/1"}],"replies":[{"embeddable":true,"href":"https:\/\/msjilove.cz\/index.php?rest_route=%2Fwp%2Fv2%2Fcomments&post=5461"}],"version-history":[{"count":61,"href":"https:\/\/msjilove.cz\/index.php?rest_route=\/wp\/v2\/pages\/5461\/revisions"}],"predecessor-version":[{"id":36584,"href":"https:\/\/msjilove.cz\/index.php?rest_route=\/wp\/v2\/pages\/5461\/revisions\/36584"}],"wp:attachment":[{"href":"https:\/\/msjilove.cz\/index.php?rest_route=%2Fwp%2Fv2%2Fmedia&parent=5461"}],"curies":[{"name":"wp","href":"https:\/\/api.w.org\/{rel}","templated":true}]}}